)*-4. Let w be 2 + -1 + 2 + 204. What is the highest common factor of w and f?
23
Suppose -372 = -3*v + 7*v - 5*p, -5*v - 4*p = 506. Let y = v + 149. Suppose 55 = 3*s + 2*z, 4 - 6 = -z. Calculate the greatest common divisor of s and y.
17
Suppose 0 = -2*b - 117 + 69. Let z = b + 33. What is the greatest common divisor of z and 15?
3
Let g = -4008 + 4028. Calculate the highest common factor of g and 1730.
10
Let b = 143 - 139. Let g(s) = -s**3 + 7*s**2 - 6*s - 9. Let v be g(b). What is the highest common divisor of 15 and v?
15
Let h = 241 - 233. Suppose 9*v = -4*i + h*v + 1743, -5*i = 5*v - 2160. What is the greatest common factor of 57 and i?
19
Suppose 0 = p + s + 26 + 22, 2*p - 3*s = -96. Let l = -37 - p. Let y be 2/(-5) + 171/15. Calculate the highest common divisor of l and y.
11
Let j = -274 - -374. Suppose u - 4*u + 60 = 5*t, -5*u + j = -t. Calculate the highest common factor of 65 and u.
5
Let y = -448 + 465. Calculate the highest common divisor of 2057 and y.
17
Let f = 41 - 21. Suppose 4*q + 166 = x, -5*x - 3*q + 25 = -828. What is the highest common factor of x and f?
10
Suppose -2*b - 79*h + 3189 = -82*h, 5*h = -4*b + 6433. What is the greatest common divisor of b and 234?
18
Let u be -5 + 3 + -44 + 1. Let t = 107 + u. Suppose 4*j + d = t, j - d - 18 = -0*d. Calculate the greatest common divisor of j and 16.
16
Let x = -6989 + 7021. What is the greatest common divisor of 176 and x?
16
Let b be (-96)/(-16)*(-1 - 0) + 11. Suppose -5*g + 693 = -h - 118, -5*h + 805 = b*g. Calculate the greatest common factor of g and 27.
27
Suppose 16422*t + 1666 = 16429*t. Calculate the greatest common divisor of t and 49.
7
Suppose 1873 = 5*j - n, 2*j + 8*n - 756 = 5*n. Suppose 94*b = 89*b + j. Calculate the highest common divisor of 3 and b.
3
Let k = -2541 - -2717. Calculate the greatest common factor of k and 858.
22
Suppose -5451*t + 5467*t = 40928. What is the greatest common divisor of 2 and t?
2
Let a(l) = 19*l + 437. Let p be a(-15). Calculate the highest common factor of p and 36.
4
Let z = 9803 + -9668. What is the highest common divisor of z and 5310?
45
Suppose -5*k + s + 12601 = 0, 8513 + 1566 = 4*k + s. Calculate the highest common factor of k and 280.
280
Let a be (3 - 1)/(-12) - (-39830)/84. Calculate the greatest common divisor of a and 6.
6
Suppose -4*k + 4*u + 172 = 0, 10*k - 208 = 5*k + 4*u. Calculate the greatest common divisor of k and 320.
4
Let a be (4 - 4)/4*1. Suppose -z - 4*q + 42 = 118, -3*z - 3*q - 264 = a. Let y be -1*(-4 + 3 + z). Calculate the greatest common factor of y and 62.
31
Let r = -11148 + 11188. Let u(h) = -2*h - 1. Let m be u(-8). What is the highest common factor of r and m?
5
Suppose -15 = 3*y - 6*y. Suppose -580 = y*f + 2*h - 164, -256 = 3*f - 2*h. Let s be (5/3 + -2)*f/1. What is the greatest common divisor of 28 and s?
28
Let a be -77 + (4 + 0 - 3). Let u = 87 + a. Let x = 120 + -21. Calculate the highest common divisor of x and u.
11
Let w = 135 + -226. Let m = w + 127. Calculate the highest common divisor of 84 and m.
12
Suppose 1130913 = -c + 88*c. Calculate the highest common factor of c and 21.
21
Let l = -78 - -78. Let w(z) = z - 10. Let j be w(l). Let m be (72/j)/((-9)/45). What is the highest common factor of 9 and m?
9
Let v(x) = 4*x + 46. Let a be v(-11). Let z be (-2)/(a - 1712/854). Let c = z + -267. What is the greatest common factor of c and 64?
32
Suppose 0 = 3*q - 2*r - 1184, 4*q + 4*r - 913 = 679. Calculate the highest common factor of 176 and q.
44
Let a = 2538 - 2521. Suppose 2 = 4*k - 2*k. Let c be (-4 - k) + a + -2. Calculate the highest common divisor of c and 70.
10
Let i(f) = f**3 - 3*f**2 - 106*f - 8. Let a be i(12). What is the greatest common factor of 2984 and a?
8
Let p(k) = -5*k + 80. Let n be p(19). Let j be n/5 + 25 + 0. What is the highest common divisor of j and 902?
22
Let u be (-2 - (-2 + 1))/((-26)/11440*8). Calculate the greatest common divisor of u and 27995.
55
Let c = 4909 - 2485. Calculate the greatest common factor of c and 48.
24
Let m be 474/10 + 24/40. Suppose 5*o - 97 = -4*v, 5*v - 2*o + m = 194. What is the highest common divisor of 406 and v?
14
Suppose 0 = 2*p + u - 588 - 791, 2*p + 3*u - 1389 = 0. Let w = 723 - p. What is the highest common factor of w and 207?
9
Suppose 0 = 4*s - 685 + 61. Let f = 110665 + -110548. Calculate the highest common factor of f and s.
39
Let q = -262 + 265. Let h be -1 - (0 - q) - (-158 - -16). Let f be (56/(-10) + 2)*-5. What is the greatest common divisor of h and f?
18
Suppose 75855 = 1279*n - 46929. Let j be (12/5)/(6/80). What is the greatest common factor of j and n?
32
Let i be (-807)/(-538) - (0 + 5121/(-6)). Calculate the highest common factor of 893 and i.
19
Let a be (-16)/(-6) + (-8)/12. Suppose 2*p - 2*t = 1250, -630 = -a*p + p + 2*t. Calculate the greatest common factor of p and 20.
20
Let n be (147/5)/((-10)/(-100)). Let j(z) = -10*z**3 + z**2 + z + 2. Let a be j(-2). Calculate the greatest common factor of n and a.
42
Let q = 25684 - 24528. What is the highest common factor of q and 32?
4
Suppose -14775 - 10264 = -7*t. Calculate the greatest common factor of t and 73.
73
Suppose -v = v - 24. Let w be (189/28)/(3/v). Let s = 31 - w. Calculate the highest common factor of s and 28.
4
Let c(a) = 92*a + 234. Let b be c(-2). Calculate the highest common factor of 32 and b.
2
Let d be (14/(-6) - 1)*486/(-30). Let z(m) = 13*m**2 + 102*m - 10. Let n be z(-8). What is the highest common factor of d and n?
6
Suppose -21*t + 52080 = 6160 - 62209. What is the highest common factor of t and 57?
19
Suppose 3*v - 8*a = -3*a - 29, 2*v + 3*a - 6 = 0. Suppose -d - 322 = -8*d. Let j be v/(2 + d/(-22)). Calculate the greatest common divisor of j and 6.
3
Let f(m) = -2*m**3 + 8*m**2 + m - 1. Let h = 129 + -125. Let o be f(h). Calculate the greatest common factor of o and 27.
3
Suppose -3*k = 5*s - 4, 4*s - 7*k = -2*k + 18. Suppose 133 - 469 = -s*i. Calculate the greatest common divisor of 42 and i.
42
Let p = 4142 - 4094. What is the greatest common factor of 376 and p?
8
Let p(s) = -226*s - 2071. Let t be p(-10). Calculate the greatest common factor of 5796 and t.
63
Let b(p) = -293*p + 131. Let a be b(0). Calculate the highest common factor of 1179 and a.
131
Let m(a) = -654*a - 218. Let g be m(-5). What is the highest common divisor of 84 and g?
28
Suppose 4*p = -5*g + 42828, -5*g + 20*p - 25*p = -42825. Calculate the greatest common divisor of g and 24.
24
Let p be (7/2 - 3)*14. Let i = 4272 - 4160. What is the greatest common divisor of i and p?
7
Suppose -2*l + 377 = -85. Suppose -4*b = 63 - l. Calculate the highest common factor of b and 6.
6
Let k = 18503 - 18472. Let l = 17 + 479. What is the highest common factor of k and l?
31
Let h(n) = -n**3 - 28*n**2 + 535*n + 137. Let u be h(-41). What is the highest common factor of u and 8965?
55
Let f(g) = g**3 - 4*g**2 + 4. Let l be f(5). Let c be l/7 + 2/(-14). Let y = -25 - -33. What is the highest common divisor of y and c?
4
Suppose -4*i + 3*j = 4 + 3, -4*i - 4*j + 28 = 0. Let g be 2 + (371/i - 33/(-22)). Suppose -g = -11*r + 383. What is the greatest common divisor of 13 and r?
13
Let x = -1959 - -1980. Calculate the highest common divisor of x and 14133.
21
Let w = 1 - 31. Let b = 50 + w. Let o be (-1236)/(-42) - 4/(-14)*2. Calculate the greatest common divisor of b and o.
10
Let g = 4311 + -1472. What is the greatest common divisor of g and 1169?
167
Let f be (-351)/(-78)*(-512)/(-24). Calculate the greatest common factor of 1888 and f.
32
Suppose 0*w = -w - 3. Let v be (w - -4)*21/1. Let z(o) = 8*o + 2. Let g be z(5). Calculate the highest common factor of v and g.
21
Let j(i) = 10*i + 2. Let q be j(-6). Let t = -55 - q. Suppose -4*b - m - t*m + 24 = 0, -5*b = m - 46. What is the greatest common divisor of 25 and b?
5
Let g(j) = -19*j - 10. Let f be g(-1). Let u be 3/f + (-434)/(-21) + -1. Let x = -25 - -45. Calculate the greatest common factor of u and x.
20
Let v = 21 + -18. Suppose a - 49 = -2*l, 4*l = 2*l + v*a + 29. Let h = -61 + 116. What is the greatest common factor of h and l?
11
Suppose 6080 = 4*m + 3*r, m + r - 1700 + 180 = 0. Calculate the greatest common divisor of 560 and m.
80
Suppose 2*f = -445 + 479. Suppose 0 = 3*k - 18 - 30. Suppose 1 = -k*a + f.